{"id":69,"date":"2025-02-25T22:15:06","date_gmt":"2025-02-25T22:15:06","guid":{"rendered":"https:\/\/newplataformasvga.com.br\/?page_id=69"},"modified":"2025-03-12T23:44:00","modified_gmt":"2025-03-12T23:44:00","slug":"elementor-pagina-69","status":"publish","type":"page","link":"https:\/\/newplataformasvga.com.br\/","title":{"rendered":"NewPlataFinal"},"content":{"rendered":"\t\t<div data-elementor-type=\"wp-page\" data-elementor-id=\"69\" class=\"elementor elementor-69\" data-elementor-post-type=\"page\">\n\t\t\t\t\t\t<section class=\"elementor-section elementor-top-section elementor-element elementor-element-39688b6c elementor-section-content-middle elementor-section-stretched elementor-section-full_width elementor-section-height-default elementor-section-height-default\" data-id=\"39688b6c\" data-element_type=\"section\" data-settings=\"{&quot;background_background&quot;:&quot;classic&quot;,&quot;stretch_section&quot;:&quot;section-stretched&quot;}\">\n\t\t\t\t\t\t<div class=\"elementor-container elementor-column-gap-no\">\n\t\t\t\t\t<div class=\"elementor-column elementor-col-50 elementor-top-column elementor-element elementor-element-67816180\" data-id=\"67816180\" data-element_type=\"column\">\n\t\t\t<div class=\"elementor-widget-wrap elementor-element-populated\">\n\t\t\t\t\t\t<div class=\"elementor-element elementor-element-4c792a9a elementor-widget__width-inherit elementor-widget elementor-widget-text-editor\" data-id=\"4c792a9a\" data-element_type=\"widget\" data-widget_type=\"text-editor.default\">\n\t\t\t\t<div class=\"elementor-widget-container\">\n\t\t\t\t\t\t\t\t\t<p><img decoding=\"async\" class=\"alignleft wp-image-89\" src=\"https:\/\/newplataformasvga.com.br\/wp-content\/uploads\/2025\/02\/newplataformas-logo-sem-fundo-1-300x129.png\" alt=\"\" width=\"282\" height=\"122\" srcset=\"https:\/\/newplataformasvga.com.br\/wp-content\/uploads\/2025\/02\/newplataformas-logo-sem-fundo-1-300x129.png 300w, https:\/\/newplataformasvga.com.br\/wp-content\/uploads\/2025\/02\/newplataformas-logo-sem-fundo-1.png 325w\" sizes=\"(max-width: 282px) 100vw, 282px\" \/><\/p>\t\t\t\t\t\t\t\t<\/div>\n\t\t\t\t<\/div>\n\t\t\t\t\t<\/div>\n\t\t<\/div>\n\t\t\t\t<div class=\"elementor-column elementor-col-50 elementor-top-column elementor-element elementor-element-3a622fb6\" data-id=\"3a622fb6\" data-element_type=\"column\">\n\t\t\t<div class=\"elementor-widget-wrap elementor-element-populated\">\n\t\t\t\t\t\t<div class=\"elementor-element elementor-element-1b4796df animated-fast elementor-widget__width-initial elementor-invisible elementor-widget elementor-widget-text-editor\" data-id=\"1b4796df\" data-element_type=\"widget\" data-settings=\"{&quot;_animation&quot;:&quot;fadeInLeft&quot;}\" data-widget_type=\"text-editor.default\">\n\t\t\t\t<div class=\"elementor-widget-container\">\n\t\t\t\t\t\t\t\t\t<h4><img decoding=\"async\" class=\"alignnone wp-image-93\" src=\"https:\/\/newplataformasvga.com.br\/wp-content\/uploads\/2025\/02\/images__2_-removebg-preview.png\" alt=\"\" width=\"189\" height=\"157\" \/><b><\/b><strong>\u00a0<\/strong><\/h4>\t\t\t\t\t\t\t\t<\/div>\n\t\t\t\t<\/div>\n\t\t\t\t\t<\/div>\n\t\t<\/div>\n\t\t\t\t\t<\/div>\n\t\t<\/section>\n\t\t\t\t<section class=\"elementor-section elementor-top-section elementor-element elementor-element-17639471 elementor-section-full_width elementor-section-height-full elementor-section-height-default elementor-section-items-middle\" data-id=\"17639471\" data-element_type=\"section\">\n\t\t\t\t\t\t<div class=\"elementor-container elementor-column-gap-default\">\n\t\t\t\t\t<div class=\"elementor-column elementor-col-100 elementor-top-column elementor-element elementor-element-1da96de5\" data-id=\"1da96de5\" data-element_type=\"column\">\n\t\t\t<div class=\"elementor-widget-wrap elementor-element-populated\">\n\t\t\t\t\t\t<section class=\"elementor-section elementor-inner-section elementor-element elementor-element-52a7f12 elementor-section-full_width elementor-section-height-default elementor-section-height-default\" data-id=\"52a7f12\" data-element_type=\"section\">\n\t\t\t\t\t\t<div class=\"elementor-container elementor-column-gap-default\">\n\t\t\t\t\t<div class=\"elementor-column elementor-col-100 elementor-inner-column elementor-element elementor-element-21ba0382\" data-id=\"21ba0382\" data-element_type=\"column\">\n\t\t\t<div class=\"elementor-widget-wrap elementor-element-populated\">\n\t\t\t\t\t\t<div class=\"elementor-element elementor-element-3b22ded animated-fast elementor-widget__width-inherit elementor-invisible elementor-widget elementor-widget-text-editor\" data-id=\"3b22ded\" data-element_type=\"widget\" data-settings=\"{&quot;_animation&quot;:&quot;fadeIn&quot;,&quot;_animation_delay&quot;:500}\" data-widget_type=\"text-editor.default\">\n\t\t\t\t<div class=\"elementor-widget-container\">\n\t\t\t\t\t\t\t\t\t<h1><b>Solu\u00e7\u00e3o em Plataformas Elevat\u00f3rias<\/b><\/h1><div><h3 style=\"font-size: var(--wp--preset--font-size--large);\"><span style=\"font-weight: bold;\">Loca\u00e7\u00e3o de Plataformas Elevat\u00f3rias para Varginha e Regi\u00e3o<\/span><\/h3><\/div>\t\t\t\t\t\t\t\t<\/div>\n\t\t\t\t<\/div>\n\t\t\t\t\t<\/div>\n\t\t<\/div>\n\t\t\t\t\t<\/div>\n\t\t<\/section>\n\t\t\t\t\t<\/div>\n\t\t<\/div>\n\t\t\t\t\t<\/div>\n\t\t<\/section>\n\t\t\t\t<section class=\"elementor-section elementor-top-section elementor-element elementor-element-385dac55 elementor-section-stretched elementor-section-boxed elementor-section-height-default elementor-section-height-default\" data-id=\"385dac55\" data-element_type=\"section\" data-settings=\"{&quot;stretch_section&quot;:&quot;section-stretched&quot;,&quot;background_background&quot;:&quot;classic&quot;,&quot;shape_divider_top&quot;:&quot;waves&quot;,&quot;shape_divider_top_negative&quot;:&quot;yes&quot;,&quot;shape_divider_bottom&quot;:&quot;waves&quot;}\">\n\t\t\t\t\t<div class=\"elementor-shape elementor-shape-top\" data-negative=\"true\">\n\t\t\t<svg xmlns=\"http:\/\/www.w3.org\/2000\/svg\" viewBox=\"0 0 1000 100\" preserveAspectRatio=\"none\">\n\t<path class=\"elementor-shape-fill\" d=\"M790.5,93.1c-59.3-5.3-116.8-18-192.6-50c-29.6-12.7-76.9-31-100.5-35.9c-23.6-4.9-52.6-7.8-75.5-5.3\n\tc-10.2,1.1-22.6,1.4-50.1,7.4c-27.2,6.3-58.2,16.6-79.4,24.7c-41.3,15.9-94.9,21.9-134,22.6C72,58.2,0,25.8,0,25.8V100h1000V65.3\n\tc0,0-51.5,19.4-106.2,25.7C839.5,97,814.1,95.2,790.5,93.1z\"\/>\n<\/svg>\t\t<\/div>\n\t\t\t\t<div class=\"elementor-shape elementor-shape-bottom\" data-negative=\"false\">\n\t\t\t<svg xmlns=\"http:\/\/www.w3.org\/2000\/svg\" viewBox=\"0 0 1000 100\" preserveAspectRatio=\"none\">\n\t<path class=\"elementor-shape-fill\" d=\"M421.9,6.5c22.6-2.5,51.5,0.4,75.5,5.3c23.6,4.9,70.9,23.5,100.5,35.7c75.8,32.2,133.7,44.5,192.6,49.7\n\tc23.6,2.1,48.7,3.5,103.4-2.5c54.7-6,106.2-25.6,106.2-25.6V0H0v30.3c0,0,72,32.6,158.4,30.5c39.2-0.7,92.8-6.7,134-22.4\n\tc21.2-8.1,52.2-18.2,79.7-24.2C399.3,7.9,411.6,7.5,421.9,6.5z\"\/>\n<\/svg>\t\t<\/div>\n\t\t\t\t\t<div class=\"elementor-container elementor-column-gap-default\">\n\t\t\t\t\t<div class=\"elementor-column elementor-col-100 elementor-top-column elementor-element elementor-element-20631e5c\" data-id=\"20631e5c\" data-element_type=\"column\">\n\t\t\t<div class=\"elementor-widget-wrap elementor-element-populated\">\n\t\t\t\t\t\t<div class=\"elementor-element elementor-element-23a30bc7 animated-fast elementor-invisible elementor-widget elementor-widget-heading\" data-id=\"23a30bc7\" data-element_type=\"widget\" data-settings=\"{&quot;_animation&quot;:&quot;fadeInUp&quot;,&quot;_animation_delay&quot;:300}\" data-widget_type=\"heading.default\">\n\t\t\t\t<div class=\"elementor-widget-container\">\n\t\t\t\t\t<h3 class=\"elementor-heading-title elementor-size-default\"><b>Quem Somos<\/b><\/h3>\t\t\t\t<\/div>\n\t\t\t\t<\/div>\n\t\t\t\t<div class=\"elementor-element elementor-element-183c8401 animated-fast elementor-invisible elementor-widget elementor-widget-text-editor\" data-id=\"183c8401\" data-element_type=\"widget\" data-settings=\"{&quot;_animation&quot;:&quot;fadeIn&quot;,&quot;_animation_delay&quot;:500}\" data-widget_type=\"text-editor.default\">\n\t\t\t\t<div class=\"elementor-widget-container\">\n\t\t\t\t\t\t\t\t\t<p><span style=\"color: #373435; font-family: Poppins, sans-serif; font-size: 18px; letter-spacing: normal; text-align: start;\">A empresa New Plataformas loca\u00e7\u00f5es, com sede em Varginha Sul de Minas Gerais, h\u00e1 mais de 8 anos no mercado sempre priorizando a satisfa\u00e7\u00e3o para nossos clientes, nosso foco \u00e9 levar o que h\u00e1 de melhor em tecnologia para ind\u00fastria, comercio, constru\u00e7\u00e3o civil, agricultura e outras.<\/span><\/p>\t\t\t\t\t\t\t\t<\/div>\n\t\t\t\t<\/div>\n\t\t\t\t\t<\/div>\n\t\t<\/div>\n\t\t\t\t\t<\/div>\n\t\t<\/section>\n\t\t\t\t<section class=\"elementor-section elementor-top-section elementor-element elementor-element-44599265 elementor-section-stretched elementor-section-full_width elementor-section-height-default elementor-section-height-default\" data-id=\"44599265\" data-element_type=\"section\" data-settings=\"{&quot;stretch_section&quot;:&quot;section-stretched&quot;,&quot;background_background&quot;:&quot;classic&quot;}\">\n\t\t\t\t\t\t<div class=\"elementor-container elementor-column-gap-default\">\n\t\t\t\t\t<div class=\"elementor-column elementor-col-50 elementor-top-column elementor-element elementor-element-299eaebc\" data-id=\"299eaebc\" data-element_type=\"column\">\n\t\t\t<div class=\"elementor-widget-wrap elementor-element-populated\">\n\t\t\t\t\t\t<div class=\"elementor-element elementor-element-76437be elementor-widget elementor-widget-image\" data-id=\"76437be\" data-element_type=\"widget\" data-widget_type=\"image.default\">\n\t\t\t\t<div class=\"elementor-widget-container\">\n\t\t\t\t\t\t\t\t\t\t\t\t\t\t\t<img fetchpriority=\"high\" decoding=\"async\" width=\"400\" height=\"400\" src=\"https:\/\/newplataformasvga.com.br\/wp-content\/uploads\/2025\/02\/genie-s3246-locacao-de-plataforma-tesoura.jpg\" class=\"attachment-large size-large wp-image-16\" alt=\"\" srcset=\"https:\/\/newplataformasvga.com.br\/wp-content\/uploads\/2025\/02\/genie-s3246-locacao-de-plataforma-tesoura.jpg 400w, https:\/\/newplataformasvga.com.br\/wp-content\/uploads\/2025\/02\/genie-s3246-locacao-de-plataforma-tesoura-300x300.jpg 300w, https:\/\/newplataformasvga.com.br\/wp-content\/uploads\/2025\/02\/genie-s3246-locacao-de-plataforma-tesoura-150x150.jpg 150w\" sizes=\"(max-width: 400px) 100vw, 400px\" \/>\t\t\t\t\t\t\t\t\t\t\t\t\t\t\t<\/div>\n\t\t\t\t<\/div>\n\t\t\t\t\t<\/div>\n\t\t<\/div>\n\t\t\t\t<div class=\"elementor-column elementor-col-50 elementor-top-column elementor-element elementor-element-6f818b88\" data-id=\"6f818b88\" data-element_type=\"column\">\n\t\t\t<div class=\"elementor-widget-wrap elementor-element-populated\">\n\t\t\t\t\t\t<section class=\"elementor-section elementor-inner-section elementor-element elementor-element-253453f9 elementor-section-boxed elementor-section-height-default elementor-section-height-default\" data-id=\"253453f9\" data-element_type=\"section\">\n\t\t\t\t\t\t<div class=\"elementor-container elementor-column-gap-default\">\n\t\t\t\t\t<div class=\"elementor-column elementor-col-100 elementor-inner-column elementor-element elementor-element-687d9271\" data-id=\"687d9271\" data-element_type=\"column\">\n\t\t\t<div class=\"elementor-widget-wrap elementor-element-populated\">\n\t\t\t\t\t\t<div class=\"elementor-element elementor-element-36bcc85e animated-fast elementor-invisible elementor-widget elementor-widget-heading\" data-id=\"36bcc85e\" data-element_type=\"widget\" data-settings=\"{&quot;_animation&quot;:&quot;fadeInUp&quot;,&quot;_animation_delay&quot;:300}\" data-widget_type=\"heading.default\">\n\t\t\t\t<div class=\"elementor-widget-container\">\n\t\t\t\t\t<h3 class=\"elementor-heading-title elementor-size-default\"><b>Plataforma Elevat\u00f3ria Tipo Tesoura<\/b><\/h3>\t\t\t\t<\/div>\n\t\t\t\t<\/div>\n\t\t\t\t<div class=\"elementor-element elementor-element-1b85af67 animated-fast elementor-invisible elementor-widget elementor-widget-text-editor\" data-id=\"1b85af67\" data-element_type=\"widget\" data-settings=\"{&quot;_animation&quot;:&quot;fadeIn&quot;,&quot;_animation_delay&quot;:500}\" data-widget_type=\"text-editor.default\">\n\t\t\t\t<div class=\"elementor-widget-container\">\n\t\t\t\t\t\t\t\t\t<p>Altura Recolhida (m) 2,4<\/p><p>Altura de trabalho (m) 11,58<\/p><p>Altura da Plataforma (m) 9,75<\/p><p>Comprimento 9M) 2,43<\/p><p>Largura (m) 1,17<\/p><p>Dimens\u00f5es da Plataforma (m) 1,15 x 2,26<\/p><p>Capacidade de Carga (kg) 318<\/p><p>Peso total da m\u00e1quina (kg) 2.364<\/p><p>Motrocidade El\u00e9trica<\/p>\t\t\t\t\t\t\t\t<\/div>\n\t\t\t\t<\/div>\n\t\t\t\t\t<\/div>\n\t\t<\/div>\n\t\t\t\t\t<\/div>\n\t\t<\/section>\n\t\t\t\t\t<\/div>\n\t\t<\/div>\n\t\t\t\t\t<\/div>\n\t\t<\/section>\n\t\t\t\t<section class=\"elementor-section elementor-top-section elementor-element elementor-element-7adabb36 elementor-section-stretched elementor-section-full_width elementor-reverse-mobile elementor-section-height-default elementor-section-height-default\" data-id=\"7adabb36\" data-element_type=\"section\" data-settings=\"{&quot;stretch_section&quot;:&quot;section-stretched&quot;,&quot;background_background&quot;:&quot;classic&quot;,&quot;shape_divider_top&quot;:&quot;waves&quot;,&quot;shape_divider_top_negative&quot;:&quot;yes&quot;}\">\n\t\t\t\t\t<div class=\"elementor-shape elementor-shape-top\" data-negative=\"true\">\n\t\t\t<svg xmlns=\"http:\/\/www.w3.org\/2000\/svg\" viewBox=\"0 0 1000 100\" preserveAspectRatio=\"none\">\n\t<path class=\"elementor-shape-fill\" d=\"M790.5,93.1c-59.3-5.3-116.8-18-192.6-50c-29.6-12.7-76.9-31-100.5-35.9c-23.6-4.9-52.6-7.8-75.5-5.3\n\tc-10.2,1.1-22.6,1.4-50.1,7.4c-27.2,6.3-58.2,16.6-79.4,24.7c-41.3,15.9-94.9,21.9-134,22.6C72,58.2,0,25.8,0,25.8V100h1000V65.3\n\tc0,0-51.5,19.4-106.2,25.7C839.5,97,814.1,95.2,790.5,93.1z\"\/>\n<\/svg>\t\t<\/div>\n\t\t\t\t\t<div class=\"elementor-container elementor-column-gap-default\">\n\t\t\t\t\t<div class=\"elementor-column elementor-col-50 elementor-top-column elementor-element elementor-element-9414b3f\" data-id=\"9414b3f\" data-element_type=\"column\">\n\t\t\t<div class=\"elementor-widget-wrap elementor-element-populated\">\n\t\t\t\t\t\t<section class=\"elementor-section elementor-inner-section elementor-element elementor-element-1cb8a240 elementor-section-boxed elementor-section-height-default elementor-section-height-default\" data-id=\"1cb8a240\" data-element_type=\"section\">\n\t\t\t\t\t\t<div class=\"elementor-container elementor-column-gap-default\">\n\t\t\t\t\t<div class=\"elementor-column elementor-col-100 elementor-inner-column elementor-element elementor-element-6052e6b\" data-id=\"6052e6b\" data-element_type=\"column\">\n\t\t\t<div class=\"elementor-widget-wrap elementor-element-populated\">\n\t\t\t\t\t\t<div class=\"elementor-element elementor-element-bbd8362 animated-fast elementor-invisible elementor-widget elementor-widget-heading\" data-id=\"bbd8362\" data-element_type=\"widget\" data-settings=\"{&quot;_animation&quot;:&quot;fadeInUp&quot;,&quot;_animation_delay&quot;:300}\" data-widget_type=\"heading.default\">\n\t\t\t\t<div class=\"elementor-widget-container\">\n\t\t\t\t\t<h3 class=\"elementor-heading-title elementor-size-default\"><b>Plataforma Mastro Telesc\u00f3pico Toucan para Trabalho em Altura at\u00e9 8 metros<\/b><\/h3>\t\t\t\t<\/div>\n\t\t\t\t<\/div>\n\t\t\t\t<div class=\"elementor-element elementor-element-113ecb83 animated-fast elementor-invisible elementor-widget elementor-widget-text-editor\" data-id=\"113ecb83\" data-element_type=\"widget\" data-settings=\"{&quot;_animation&quot;:&quot;fadeIn&quot;,&quot;_animation_delay&quot;:500}\" data-widget_type=\"text-editor.default\">\n\t\t\t\t<div class=\"elementor-widget-container\">\n\t\t\t\t\t\t\t\t\t<p>A Plataforma Telesc\u00f3pica\u00a0 Toucan possui lan\u00e7a telesc\u00f3pica vertical que permite um alcance melhor que o de uma lan\u00e7a articulada sobre obst\u00e1culos em espa\u00e7os mais apertados.<br \/>Pneus que n\u00e3o deixam marcas e um uso eficiente de energia el\u00e9trica para trabalhos em \u00e1reas internas.<br \/>Capacidade de rampa de 25% para trabalhos externos.<\/p>\t\t\t\t\t\t\t\t<\/div>\n\t\t\t\t<\/div>\n\t\t\t\t\t<\/div>\n\t\t<\/div>\n\t\t\t\t\t<\/div>\n\t\t<\/section>\n\t\t\t\t\t<\/div>\n\t\t<\/div>\n\t\t\t\t<div class=\"elementor-column elementor-col-50 elementor-top-column elementor-element elementor-element-37a41882\" data-id=\"37a41882\" data-element_type=\"column\">\n\t\t\t<div class=\"elementor-widget-wrap elementor-element-populated\">\n\t\t\t\t\t\t<div class=\"elementor-element elementor-element-2adb34be elementor-widget elementor-widget-image\" data-id=\"2adb34be\" data-element_type=\"widget\" data-widget_type=\"image.default\">\n\t\t\t\t<div class=\"elementor-widget-container\">\n\t\t\t\t\t\t\t\t\t\t\t\t\t\t\t<img loading=\"lazy\" decoding=\"async\" width=\"713\" height=\"535\" src=\"https:\/\/newplataformasvga.com.br\/wp-content\/uploads\/2025\/02\/Imagem-do-WhatsApp-de-2024-12-20-as-15.41.40_399b2ffa.jpg\" class=\"attachment-large size-large wp-image-20\" alt=\"\" srcset=\"https:\/\/newplataformasvga.com.br\/wp-content\/uploads\/2025\/02\/Imagem-do-WhatsApp-de-2024-12-20-as-15.41.40_399b2ffa.jpg 713w, https:\/\/newplataformasvga.com.br\/wp-content\/uploads\/2025\/02\/Imagem-do-WhatsApp-de-2024-12-20-as-15.41.40_399b2ffa-300x225.jpg 300w\" sizes=\"(max-width: 713px) 100vw, 713px\" \/>\t\t\t\t\t\t\t\t\t\t\t\t\t\t\t<\/div>\n\t\t\t\t<\/div>\n\t\t\t\t\t<\/div>\n\t\t<\/div>\n\t\t\t\t\t<\/div>\n\t\t<\/section>\n\t\t\t\t<section class=\"elementor-section elementor-top-section elementor-element elementor-element-31632b6 elementor-section-stretched elementor-section-full_width elementor-section-height-default elementor-section-height-default\" data-id=\"31632b6\" data-element_type=\"section\" data-settings=\"{&quot;stretch_section&quot;:&quot;section-stretched&quot;,&quot;background_background&quot;:&quot;classic&quot;}\">\n\t\t\t\t\t\t<div class=\"elementor-container elementor-column-gap-default\">\n\t\t\t\t\t<div class=\"elementor-column elementor-col-50 elementor-top-column elementor-element elementor-element-52fb00e1\" data-id=\"52fb00e1\" data-element_type=\"column\">\n\t\t\t<div class=\"elementor-widget-wrap elementor-element-populated\">\n\t\t\t\t\t\t<div class=\"elementor-element elementor-element-51352609 elementor-widget elementor-widget-image\" data-id=\"51352609\" data-element_type=\"widget\" data-widget_type=\"image.default\">\n\t\t\t\t<div class=\"elementor-widget-container\">\n\t\t\t\t\t\t\t\t\t\t\t\t\t\t\t<img loading=\"lazy\" decoding=\"async\" width=\"1024\" height=\"768\" src=\"https:\/\/newplataformasvga.com.br\/wp-content\/uploads\/2025\/02\/Imagem-do-WhatsApp-de-2024-12-20-as-15.41.40_b0dff154-1024x768.jpg\" class=\"attachment-large size-large wp-image-21\" alt=\"\" srcset=\"https:\/\/newplataformasvga.com.br\/wp-content\/uploads\/2025\/02\/Imagem-do-WhatsApp-de-2024-12-20-as-15.41.40_b0dff154-1024x768.jpg 1024w, https:\/\/newplataformasvga.com.br\/wp-content\/uploads\/2025\/02\/Imagem-do-WhatsApp-de-2024-12-20-as-15.41.40_b0dff154-300x225.jpg 300w, https:\/\/newplataformasvga.com.br\/wp-content\/uploads\/2025\/02\/Imagem-do-WhatsApp-de-2024-12-20-as-15.41.40_b0dff154-768x576.jpg 768w, https:\/\/newplataformasvga.com.br\/wp-content\/uploads\/2025\/02\/Imagem-do-WhatsApp-de-2024-12-20-as-15.41.40_b0dff154-1536x1152.jpg 1536w, https:\/\/newplataformasvga.com.br\/wp-content\/uploads\/2025\/02\/Imagem-do-WhatsApp-de-2024-12-20-as-15.41.40_b0dff154.jpg 1600w\" sizes=\"(max-width: 1024px) 100vw, 1024px\" \/>\t\t\t\t\t\t\t\t\t\t\t\t\t\t\t<\/div>\n\t\t\t\t<\/div>\n\t\t\t\t\t<\/div>\n\t\t<\/div>\n\t\t\t\t<div class=\"elementor-column elementor-col-50 elementor-top-column elementor-element elementor-element-b7b7a45\" data-id=\"b7b7a45\" data-element_type=\"column\">\n\t\t\t<div class=\"elementor-widget-wrap elementor-element-populated\">\n\t\t\t\t\t\t<section class=\"elementor-section elementor-inner-section elementor-element elementor-element-3e75ab0c elementor-section-boxed elementor-section-height-default elementor-section-height-default\" data-id=\"3e75ab0c\" data-element_type=\"section\">\n\t\t\t\t\t\t<div class=\"elementor-container elementor-column-gap-default\">\n\t\t\t\t\t<div class=\"elementor-column elementor-col-100 elementor-inner-column elementor-element elementor-element-26347b36\" data-id=\"26347b36\" data-element_type=\"column\">\n\t\t\t<div class=\"elementor-widget-wrap elementor-element-populated\">\n\t\t\t\t\t\t<div class=\"elementor-element elementor-element-2e8a24d0 animated-fast elementor-invisible elementor-widget elementor-widget-heading\" data-id=\"2e8a24d0\" data-element_type=\"widget\" data-settings=\"{&quot;_animation&quot;:&quot;fadeInUp&quot;,&quot;_animation_delay&quot;:300}\" data-widget_type=\"heading.default\">\n\t\t\t\t<div class=\"elementor-widget-container\">\n\t\t\t\t\t<h3 class=\"elementor-heading-title elementor-size-default\"><b>Plataforma Elevat\u00f3ria Articulada<\/b><\/h3>\t\t\t\t<\/div>\n\t\t\t\t<\/div>\n\t\t\t\t<div class=\"elementor-element elementor-element-56a61ab4 animated-fast elementor-invisible elementor-widget elementor-widget-text-editor\" data-id=\"56a61ab4\" data-element_type=\"widget\" data-settings=\"{&quot;_animation&quot;:&quot;fadeIn&quot;,&quot;_animation_delay&quot;:500}\" data-widget_type=\"text-editor.default\">\n\t\t\t\t<div class=\"elementor-widget-container\">\n\t\t\t\t\t\t\t\t\t<p>Plataforma elevat\u00f3ria de lan\u00e7a articulada 15m el\u00e9trica \u00e9 essencial para acessar grandes alturas com seguran\u00e7a, oferecendo mobilidade e precis\u00e3o no alcance de \u00e1reas dif\u00edceis.<\/p><p>Especifica\u00e7\u00f5es:<\/p><h3 class=\"wow fadeIn\">Altura de trabalho: 15,52 m<\/h3><ul class=\"wow fadeIn\"><li>Altura de Trabalho (m): 15,52<\/li><li>Altura da Plataforma (m): 13,72<\/li><li>Comprimento (m): 6,45<\/li><li>Largura (m): 1,75<\/li><li>Altura Recolhida (m): 2<\/li><li>Dimens\u00f5es da Plataforma (m): 0,76 x 1,52<\/li><li>Alcance Horizontal (m): 7,24<\/li><li>Capacidade de Carga (kg): 227<\/li><li>Peso Total da M\u00e1quina (kg): 6.532<\/li><li>Motrocidade: El\u00e9trica<\/li><li>Gradabilidade (%): 30%<\/li><\/ul>\t\t\t\t\t\t\t\t<\/div>\n\t\t\t\t<\/div>\n\t\t\t\t\t<\/div>\n\t\t<\/div>\n\t\t\t\t\t<\/div>\n\t\t<\/section>\n\t\t\t\t\t<\/div>\n\t\t<\/div>\n\t\t\t\t\t<\/div>\n\t\t<\/section>\n\t\t\t\t<section class=\"elementor-section elementor-top-section elementor-element elementor-element-507000be elementor-section-stretched elementor-section-boxed elementor-section-height-default elementor-section-height-default\" data-id=\"507000be\" data-element_type=\"section\" data-settings=\"{&quot;stretch_section&quot;:&quot;section-stretched&quot;,&quot;background_background&quot;:&quot;classic&quot;,&quot;shape_divider_top&quot;:&quot;waves&quot;,&quot;shape_divider_top_negative&quot;:&quot;yes&quot;}\">\n\t\t\t\t\t\t\t<div class=\"elementor-background-overlay\"><\/div>\n\t\t\t\t\t\t<div class=\"elementor-shape elementor-shape-top\" data-negative=\"true\">\n\t\t\t<svg xmlns=\"http:\/\/www.w3.org\/2000\/svg\" viewBox=\"0 0 1000 100\" preserveAspectRatio=\"none\">\n\t<path class=\"elementor-shape-fill\" d=\"M790.5,93.1c-59.3-5.3-116.8-18-192.6-50c-29.6-12.7-76.9-31-100.5-35.9c-23.6-4.9-52.6-7.8-75.5-5.3\n\tc-10.2,1.1-22.6,1.4-50.1,7.4c-27.2,6.3-58.2,16.6-79.4,24.7c-41.3,15.9-94.9,21.9-134,22.6C72,58.2,0,25.8,0,25.8V100h1000V65.3\n\tc0,0-51.5,19.4-106.2,25.7C839.5,97,814.1,95.2,790.5,93.1z\"\/>\n<\/svg>\t\t<\/div>\n\t\t\t\t\t<div class=\"elementor-container elementor-column-gap-default\">\n\t\t\t\t\t<div class=\"elementor-column elementor-col-100 elementor-top-column elementor-element elementor-element-3132431\" data-id=\"3132431\" data-element_type=\"column\">\n\t\t\t<div class=\"elementor-widget-wrap elementor-element-populated\">\n\t\t\t\t\t\t<div class=\"elementor-element elementor-element-3587ef39 animated-fast elementor-invisible elementor-widget elementor-widget-heading\" data-id=\"3587ef39\" data-element_type=\"widget\" data-settings=\"{&quot;_animation&quot;:&quot;fadeInUp&quot;,&quot;_animation_delay&quot;:300}\" data-widget_type=\"heading.default\">\n\t\t\t\t<div class=\"elementor-widget-container\">\n\t\t\t\t\t<h5 class=\"elementor-heading-title elementor-size-default\"><b>Telefones de Contato:<\/b><\/h5>\t\t\t\t<\/div>\n\t\t\t\t<\/div>\n\t\t\t\t<div class=\"elementor-element elementor-element-5d575275 animated-fast elementor-widget__width-initial elementor-invisible elementor-widget elementor-widget-text-editor\" data-id=\"5d575275\" data-element_type=\"widget\" data-settings=\"{&quot;_animation&quot;:&quot;fadeIn&quot;,&quot;_animation_delay&quot;:500}\" data-widget_type=\"text-editor.default\">\n\t\t\t\t<div class=\"elementor-widget-container\">\n\t\t\t\t\t\t\t\t\t<h1><img loading=\"lazy\" decoding=\"async\" class=\"alignnone wp-image-124\" src=\"https:\/\/newplataformasvga.com.br\/wp-content\/uploads\/2025\/02\/logo_whatsapp-removebg-sem-fundo-1.png\" alt=\"\" width=\"45\" height=\"45\" srcset=\"https:\/\/newplataformasvga.com.br\/wp-content\/uploads\/2025\/02\/logo_whatsapp-removebg-sem-fundo-1.png 186w, https:\/\/newplataformasvga.com.br\/wp-content\/uploads\/2025\/02\/logo_whatsapp-removebg-sem-fundo-1-150x150.png 150w\" sizes=\"(max-width: 45px) 100vw, 45px\" \/><b>\u00a0 (35) <a href=\"https:\/\/wa.me\/5535988220771?text=Quero%20saber%20mais%20sobre%20as%20plataformas.\">98822-0771<\/a><\/b><\/h1><h1><strong>\u00a0 \u00a0 \u00a0(35) 3067-4330<\/strong><\/h1><h3><b>Rua Jos\u00e9 Alc\u00e2ntra Soares, 60 &#8211; Vila Verde &#8211; Varginha-MG<\/b><\/h3>\t\t\t\t\t\t\t\t<\/div>\n\t\t\t\t<\/div>\n\t\t\t\t\t<\/div>\n\t\t<\/div>\n\t\t\t\t\t<\/div>\n\t\t<\/section>\n\t\t\t\t<\/div>\n\t\t","protected":false},"excerpt":{"rendered":"<p>\u00a0 Solu\u00e7\u00e3o em Plataformas Elevat\u00f3rias Loca\u00e7\u00e3o de Plataformas Elevat\u00f3rias para Varginha e Regi\u00e3o Quem Somos A empresa New Plataformas loca\u00e7\u00f5es, com sede em Varginha Sul de Minas Gerais, h\u00e1 mais de 8 anos no mercado sempre priorizando a satisfa\u00e7\u00e3o para nossos clientes, nosso foco \u00e9 levar o que h\u00e1 de melhor em tecnologia para ind\u00fastria, [&hellip;]<\/p>\n","protected":false},"author":1,"featured_media":0,"parent":0,"menu_order":0,"comment_status":"closed","ping_status":"closed","template":"elementor_canvas","meta":{"_joinchat":[],"footnotes":""},"class_list":["post-69","page","type-page","status-publish","hentry"],"_links":{"self":[{"href":"https:\/\/newplataformasvga.com.br\/index.php\/wp-json\/wp\/v2\/pages\/69","targetHints":{"allow":["GET"]}}],"collection":[{"href":"https:\/\/newplataformasvga.com.br\/index.php\/wp-json\/wp\/v2\/pages"}],"about":[{"href":"https:\/\/newplataformasvga.com.br\/index.php\/wp-json\/wp\/v2\/types\/page"}],"author":[{"embeddable":true,"href":"https:\/\/newplataformasvga.com.br\/index.php\/wp-json\/wp\/v2\/users\/1"}],"replies":[{"embeddable":true,"href":"https:\/\/newplataformasvga.com.br\/index.php\/wp-json\/wp\/v2\/comments?post=69"}],"version-history":[{"count":49,"href":"https:\/\/newplataformasvga.com.br\/index.php\/wp-json\/wp\/v2\/pages\/69\/revisions"}],"predecessor-version":[{"id":140,"href":"https:\/\/newplataformasvga.com.br\/index.php\/wp-json\/wp\/v2\/pages\/69\/revisions\/140"}],"wp:attachment":[{"href":"https:\/\/newplataformasvga.com.br\/index.php\/wp-json\/wp\/v2\/media?parent=69"}],"curies":[{"name":"wp","href":"https:\/\/api.w.org\/{rel}","templated":true}]}}